mposite number?
True
Is 10299 a composite number?
True
Is 16331 composite?
True
Is 4045 a composite number?
True
Is 39071 composite?
True
Is 96151 a prime number?
False
Is 5674 a composite number?
True
Is 521 a composite number?
False
Is 12787 a composite number?
True
Is 13553 a prime number?
True
Is 64373 a prime number?
True
Is 3239 a composite number?
True
Is 2159 prime?
False
Is 1456874 prime?
False
Is 2159 a composite number?
True
Is 18973 a composite number?
False
Is 10109 composite?
True
Is 82387 a prime number?
True
Is 10529 prime?
True
Is 60589 composite?
False
Is 91243 prime?
True
Is 1340441 a composite number?
False
Is 5057 prime?
False
Is 3649 prime?
False
Is 113209 a composite number?
False
Is 700277 a composite number?
False
Is 52907 prime?
False
Is 41833 prime?
False
Is 12605 a composite number?
True
Is 280961 prime?
False
Is 25097 a composite number?
False
Is 3521 a prime number?
False
Is 122677 prime?
False
Is 4159 prime?
True
Is 3107 prime?
False
Is 14591 a prime number?
True
Is 2291 prime?
False
Is 611161 prime?
False
Is 44359 a prime number?
False
Is 53299 a prime number?
True
Is 13891 prime?
False
Is 169111 prime?
True
Is 88897 composite?
False
Is 252905 prime?
False
Is 37234 prime?
False
Is 8654 composite?
True
Is 724291 a prime number?
True
Is 212783 a prime number?
False
Is 56954 prime?
False
Is 11827 a composite number?
False
Is 3907 composite?
False
Is 58439 composite?
False
Is 247529 a prime number?
True
Is 142079 prime?
False
Is 3924251 a composite number?
True
Is 2903 prime?
True
Is 40343 a prime number?
True
Is 2169967 composite?
False
Is 8749 a composite number?
True
Is 674551 a composite number?
False
Is 2839 prime?
False
Is 284539 prime?
True
Is 91354 prime?
False
Is 18397 a composite number?
False
Is 48673 composite?
False
Is 376351 prime?
True
Is 643583 a prime number?
True
Is 7033 a prime number?
False
Is 73669 prime?
False
Is 1642181 composite?
True
Is 11213 prime?
True
Is 352277 prime?
False
Is 55073 a composite number?
False
Is 43822 a composite number?
True
Is 26218 prime?
False
Is 352689 a composite number?
True
Is 16594 prime?
False
Is 1176323 composite?
False
Is 21433 a prime number?
True
Is 1310767 a prime number?
False
Is 9627 a prime number?
False
Is 3862 a composite number?
True
Is 913 prime?
False
Is 2340023 composite?
True
Is 33227 prime?
False
Is 34913 composite?
False
Is 3629 prime?
False
Is 32353 prime?
True
Is 36463 composite?
True
Is 107287 a prime number?
False
Is 57971 a prime number?
False
Is 453023 a prime number?
True
Is 132157 composite?
False
Is 30161 a composite number?
False
Is 120769 prime?
False
Is 861541 a prime number?
True
Is 17817 a composite number?
True
Is 93731 a prime number?
False
Is 36433 a prime number?
True
Is 6607 prime?
True
Is 140485 a prime number?
False
Is 10361 prime?
False
Is 6469 prime?
True
Is 106903 a composite number?
False
Is 32581 prime?
False
Is 102367 a composite number?
False
Is 4049 a prime number?
True
Is 107861 a prime number?
False
Is 923 a composite number?
True
Is 5758 a prime number?
False
Is 116629 composite?
True
Is 1637299 composite?
False
Is 18037 composite?
True
Is 26521 a composite number?
True
Is 31591 prime?
False
Is 2335015 prime?
False
Is 26539 prime?
True
Is 2846 a composite number?
True
Is 761 a composite number?
False
Is 2383291 prime?
True
Is 314485 prime?
False
Is 9745 prime?
False
Is 55579 a prime number?
True
Is 60751 a composite number?
True
Is 9382 a composite number?
True
Is 184103 composite?
True
Is 6389 a composite number?
False
Is 10219 a prime number?
False
Is 735979 a prime number?
True
Is 683 composite?
False
Is 526601 a composite number?
False
Is 513083 a prime number?
True
Is 80279 a prime number?
True
Is 117421 composite?
True
Is 20021 prime?
True
Is 329201 prime?
True
Is 8158 composite?
True
Is 6113 a composite number?
False
Is 45377 a composite number?
False
Is 2155 composite?
True
Is 445 a composite number?
True
Is 8059 a composite number?
False
Is 4168159 a composite number?
False
Is 6547 prime?
True
Is 36323 a composite number?
True
Is 3749 a composite number?
True
Is 7454 a composite number?
True
Is 2333 a composite number?
False
Is 249287 a prime number?
True
Is 10547 a composite number?
True
Is 23189 prime?
True
Is 11177 composite?
False
Is 5333 composite?
False
Is 173237 a composite number?
True
Is 1098587 composite?
True
Is 11563 composite?
True
Is 2251 prime?
True
Is 463861 a prime number?
True
Is 64433 a composite number?
False
Is 29819 composite?
False
Is 913481 prime?
False
Is 33083 a composite number?
False
Is 2019 a composite number?
True
Is 747763 prime?
True
Is 139399 a composite number?
True
Is 15179 prime?
False
Is 1055 a composite number?
True
Is 69683 a composite number?
True
Is 50261 a prime number?
True
Is 109073 prime?
True
Is 108523 composite?
True
Is 6389 composite?
False
Is 332113 a prime number?
True
Is 505227 a prime number?
False
Is 284023 a composite number?
False
Is 7621 a composite number?
False
Is 8923 composite?
False
Is 17651 composite?
True
Is 567561 a prime number?
False
Is 4269 composite?
True
Is 5513 a composite number?
True
Is 13385 composite?
True
Is 33827 a prime number?
True
Is 272951 prime?
False
Is 57467 prime?
True
Is 76561 a prime number?
True
Is 75265 a prime number?
False
Is 7753 composite?
False
Is 2203 composite?
False
Is 302273 a composite number?
False
Is 581673 a prime number?
False
Is 553227 prime?
False
Is 8119 a composite number?
True
Is 581 prime?
False
Is 261109 prime?
False
Is 332027 a composite number?
True
Is 48611 composite?
False
Is 317983 a prime number?
True
Is 40447 a composite number?
True
Is 235307 a prime number?
True
Is 233719 prime?
False
Is 101353 a prime number?
False
Is 31029 a composite number?
True
Is 80651 a prime number?
True
Is 11539 prime?
False
Is 1339 composite?
True
Is 15749 composite?
False
Is 16331 a composite number?
True
Is 16621 a composite number?
True
Is 44053 composite?
False
Is 92181 composite?
True
Is 254063 prime?
False
Is 121283 a composite number?
False
Is 8713 prime?
True
Is 303811 prime?
False
Is 76019 a composite number?
True
Is 16249 composite?
False
Is 10041 prime?
False
Is 165841 a prime number?
False
Is 365851 composite?
False
Is 171077 prime?
True
Is 228829 a composite number?
False
Is 27149 a composite number?
True
Is 3691 composite?
False
Is 31051 a prime number?
True
Is 3275567 composite?
False
Is 284738 a composite number?
True
Is 26777 a prime number?
True
Is 30631 a prime number?
True
Is 13649 a composite number?
False
Is 4837 a prime number?
False
Is 214499 composite?
False
Is 1806185 prime?
False
Is 151999 prime?
False
Is 371359 prime?
True
Is 16787 prime?
True
Is 1398047 prime?
False
Is 179755 a prime number?
False
Is 21787 composite?
False
Is 363893 a composite number?
True
Is 453227 a prime number?
True
Is 44195 a composite number?
True
Is 2019 composite?
True
Is 3651 a prime number?
False
Is 141049 a prime number?
False
Is 882619 a composite number?
True
Is 3119 prime?
True
Is 3935 prime?
False
Is 444965 a composite number?
True
Is 117031 a prime number?
False
Is 27701 a composite number?
False
Is 36833 a prime number?
True
Is 12977 composite?
True
Is 2827 a prime number?
False
Is 957917 a composite number?
False
Is 2719 prime?
True
Is 14509 composite?
True
Is 70039 prime?
True
Is 1098247 a composite number?
True
Is 1177 prime?
False
Is 94555 composite?
True
Is 189353 a composite number?
False
Is 54751 a prime number?
True
Is 53503 composite?
False
Is 18119 composite?
False
Is 36734 a prime number?
False
Is 45601 composite?
True
Is 4511 prime?
False
Is 75011 a prime number?
True
Is 13093 a composite number?
False
Is 63647 prime?
True
Is 72347 prime?
False
Is 507803 a composite number?
False
Is 108359 composite?
False
Is 11981 prime?
True
Is 1094 composite?
True
Is 1777 a prime number?
True
Is 36557 a composite number?
True
Is 14563 a prime number?
True
Is 216271 prime?
False
Is 29515 a composite number?
True
Is 1317 prime?
False
Is 51767 composite?
False
Is 5773 composite?
True
Is 74131 a prime number?
True
Is 127 composite?
False
Is 235273 composite?
False
Is 104983 a composite number?
True
Is 364379 a composite number?
False
Is 81097 a composite number?
False
Is 43391 composite?
False
Is 217 p